, 17
Suppose -4*x - 74*x + 1324507 + 1163693 = 0. List the prime factors of x.
2, 5, 11, 29
Suppose -28*s - 5*s + 736791 = 0. List the prime factors of s.
83, 269
Suppose -16*i + 6*i = -170. Suppose -i = -2*t + 4*y + 1, -5 = t + 5*y. Suppose -q + 25 = -2*h, -125 = 4*q - 9*q + t*h. What are the prime factors of q?
5
Suppose 0 = 13*c + 5731 + 5436. Let g = -138 - c. What are the prime factors of g?
7, 103
Let q be 1629/(-6)*-1*2. Let z be 11*(10 - 14 - -5). Suppose q = z*t - 8*t. List the prime factors of t.
181
Suppose 554*j - 552*j - 98454 = 3*t, -4*t = -3*j + 147683. What are the prime factors of j?
3, 16411
Suppose -9 + 27 = -3*v - 3*h, 5*h + 18 = v. Let u be ((-39)/(-12) + -3)*v*-4. Suppose -227 = -3*m - x + 253, -5*m + u*x = -800. List the prime factors of m.
2, 5
Let g(r) = 36*r**3 - 11*r**2 - 73*r + 604. What are the prime factors of g(8)?
2, 3, 17, 29
Let f(m) be the third derivative of -m**4/24 + 5*m**2. Let x(v) = -3*v + 10. Let p(l) = -4*f(l) + x(l). List the prime factors of p(-3).
7
Let s(b) = 3*b**2 - 46*b + 16. Let a be s(15). Suppose -x = a, 2*k - 905 = -4*x - 263. What are the prime factors of k?
17, 19
Suppose -3*m - 2*k + 1732 = -35927, 0 = -2*k. What are the prime factors of m?
12553
Let g(i) = i**2 - 3*i - 40. Let q be g(8). Suppose 8*t + 191 - 1735 = q. What are the prime factors of t?
193
List the prime factors of (-6 + 9)/6 - (-266717)/22.
2, 7, 433
Let d(t) = -87*t + 714. What are the prime factors of d(-71)?
3, 2297
Let a = 43 - 35. Suppose 7 = -5*g - a. What are the prime factors of (g - 1)/2 - -22?
2, 5
Let w = 78 - 74. Suppose 0 = 5*r + w*u - 773 - 1350, -3*r + 1259 = -5*u. List the prime factors of r.
3, 47
Suppose 0 = a + 4*t - 748, t - 1199 = -3*a + 1001. Suppose -a - 824 = -4*y. List the prime factors of y.
389
Let b = 20 + -84. Let x(t) = -6*t - 27. Let m be x(-16). Let g = m - b. List the prime factors of g.
7, 19
Let q(z) = -z**3 - 17*z**2 - 20*z + 3. Let a be q(-14). Let d = a - -844. What are the prime factors of d?
7, 11
Let c(w) = -w**3 + 3*w**2 + 10*w + 20. Let l be c(-3). Let u = l + 648. List the prime factors of u.
2, 173
Suppose -5*l + 123 = 73. Suppose -9*p + l*p - 61 = 0. List the prime factors of p.
61
Suppose -52*y + 84599 + 338113 + 63540 = 0. List the prime factors of y.
3, 1039
Let h = 508 - -46480. List the prime factors of h.
2, 17, 691
Let f = 10201 + 8105. List the prime factors of f.
2, 3, 113
Suppose 0 = 2*n - 7*n - d + 7, -10 = n + 4*d. Suppose f - 4*f = n*q - 285, 0 = 2*f - 2. List the prime factors of q.
3, 47
Suppose -h + 195 = 14*h. Suppose -8*d - 574 = -h*d - 2*b, -4*d + 4*b = -476. What are the prime factors of d?
2, 29
Let u = -1050 + 332. What are the prime factors of -17 - (-610)/35 - u/7?
103
Let g(d) = 601*d**2 + 21*d - 195. List the prime factors of g(-9).
3, 17, 947
Let t(s) be the third derivative of -s**5/60 - 5*s**4/6 + s**3 + 39*s**2. List the prime factors of t(-9).
3, 5, 7
Let j = 161 + -185. List the prime factors of 4/(-5)*4860/j.
2, 3
Let d(m) be the third derivative of -9*m**4/4 + m**3/3 + 5*m**2. Let h be d(-2). Let b = -47 + h. What are the prime factors of b?
3, 7
Let r = -227 - -558. Let z be r/2 + -2 + (-12)/(-8). Let l = z + -74. List the prime factors of l.
7, 13
List the prime factors of 1/(8/6808*(-2)/(-58)).
23, 29, 37
Suppose 2*i = -2*v - 2*i + 12, 2*v - 21 = 5*i. Let l = -2946 - -2950. What are the prime factors of l/(v/146) - (-2 - -4)?
71
Suppose 3*b + 80506 = 4*r, -21*b = 3*r - 19*b - 60405. List the prime factors of r.
41, 491
Suppose 18*o - 21317 - 18481 = 0. What are the prime factors of o?
3, 11, 67
Let t(i) = 599*i**2 - 446*i + 2596. What are the prime factors of t(6)?
2, 41, 131
Let a = 26023 + -15550. List the prime factors of a.
3, 3491
Let c be (2 - 25/10)*190. Let h be 4/16 + 1/(-4)*c. Suppose 242 = 2*z + h. What are the prime factors of z?
109
Let x = -11667 + 44527. List the prime factors of x.
2, 5, 31, 53
Let f(x) = x**3 + 5*x**2 - 2*x - 9. Let i be f(-2). Suppose 7 = 7*s - i. Suppose 2*k + 10 = -3*k, 0 = -3*z + s*k + 160. List the prime factors of z.
2, 13
Suppose 3*m + 4*k - 297 = 0, -5*m - 44 = -2*k - 565. Let w = 85 + m. What are the prime factors of w?
2, 47
Let a = -213 + 216. Suppose n - a*b - 1185 = -2*n, 1990 = 5*n - 2*b. List the prime factors of n.
2, 5
Let m = 125 - 65. Let h be (-40)/6*(-18)/m*4. What are the prime factors of -3 + 1 + h + 192 + -1?
197
Let g(l) = -l**3 - 5*l**2 - 7. Let h be g(-6). Let t = h + -18. Let s(k) = 4*k + 15. What are the prime factors of s(t)?
59
List the prime factors of (-24103)/((-88)/220 + 6*(-1)/10).
24103
Suppose 2*z - 2*u = 24, 5*u = 3*z - 6*z + 4. Suppose -11*t + 15 = -z*t. Suppose l - 108 = -t*p + 341, -183 = -2*p + 3*l. List the prime factors of p.
2, 3, 5
Let o(r) = -2*r + 12. Let b be o(7). Let p(x) = 13*x**3 + x**2 + 3. Let t be p(b). Let l = t - -108. List the prime factors of l.
11
Let m = 29 + -29. What are the prime factors of (m - -21)/((-8)/(-152))?
3, 7, 19
List the prime factors of (16787*-4)/(-16 + 12) + 20/(-4).
2, 3, 2797
Let t(l) = -2*l**3 - 2*l**2 + 3*l + 2. Let m be t(-2). Suppose 0 = 8*u - 554 + 122. Suppose m*q - 2*q = u. What are the prime factors of q?
3
What are the prime factors of ((-42790)/(-15) - -2)*(24 - 21)?
2, 2141
Let x(p) = 18*p + 4 - 5 + 2 - 9*p. What are the prime factors of x(6)?
5, 11
List the prime factors of 9388/((-56)/36*3 + -5 + 10).
2, 3, 2347
Let i(u) = -u**3 - 12*u**2 + 6*u - 3. Suppose -69 = 15*j + 66. Let d be i(j). Let t = -162 - d. What are the prime factors of t?
2, 3, 23
Let n be 196 + 1 + -13*105/(-195). Let r(a) = a**2 + 7*a. Let u be r(-7). Suppose u = -95*c + 97*c - n. List the prime factors of c.
2, 3, 17
Let f(n) = n**2 - 20*n + 15. Let c be f(19). Let o be 3 - (14/c - -3)*0. Suppose 83 = -d + o*d + 5*l, 0 = -d + 3*l + 36. List the prime factors of d.
3, 13
Suppose 0 = 102*l - 154814 - 3415288. List the prime factors of l.
3, 3889
Let k(w) be the third derivative of 13*w**4/24 + 16*w**3/3 + 61*w**2. Let d be 4/(2 + 0) + 6. List the prime factors of k(d).
2, 17
Let r(i) = 39*i**2 + 4*i + 26. Let h be r(-8). Suppose -h - 6750 = -20*u. What are the prime factors of u?
2, 3, 7, 11
Suppose -67*a - 324247 + 1500164 = 0. What are the prime factors of a?
17551
Suppose -84*c + 48 = -72*c. Suppose -c*f - 10 = 6, -4*w - 3*f = -888. List the prime factors of w.
3, 5
Let m(f) = -f**2 - 17*f - 19. Let c be m(-14). Let x = c + 37. What are the prime factors of ((x/14)/(1/(-28)))/(-1)?
2, 3, 5
Suppose 3*d = -6*p + 4*p + 22, 2*p + 5*d = 30. Let g(u) be the first derivative of u**3 + 5*u**2/2 - 9*u - 1. List the prime factors of g(p).
7, 13
Let p be (-27)/15 + (-162)/(-90). Suppose 68*w - 41*w - 28917 = p. What are the prime factors of w?
3, 7, 17
Let c(p) = p**2 - 12*p + 29. Let y be c(3). What are the prime factors of (-20 + 21)/(y/3098)?
1549
Let x(t) = -69*t + 6. Let b be x(3). Let m = 695 - 405. Let y = m + b. What are the prime factors of y?
89
List the prime factors of (95 - 1)*(6/(-18) + (-29625)/(-45)).
2, 7, 47
Suppose 0 = 5*k - 4*u - 147562, 4*k - 4*u + 27867 = 145919. What are the prime factors of k?
2, 5, 13, 227
Let a(n) = -70*n + 12. Let r(d) = 71*d - 12. Let g(f) = 6*a(f) + 5*r(f). What are the prime factors of g(-2)?
2, 71
List the prime factors of ((-14670)/20 - -10)*-10.
5, 1447
Suppose 28*d - 20*d - 536 = 0. List the prime factors of ((-35)/14)/5*-2*d.
67
Let w(y) be the first derivative of -11*y**4/12 + 3*y**3/2 + 12*y**2 - 6. Let p(r) be the second derivative of w(r). List the prime factors of p(-2).
53
Suppose 0 = -15*q + 76268 + 63630 + 28582. List the prime factors of q.
2, 3, 13
Let t(x) = 13*x**2 + 6*x + 4. Suppose -2 + 14 = -4*u. Let y be t(u). Suppose 0 = -26*j + 25*j + y. List the prime factors of j.
103
Suppose -21*b + 169594 = 17*b. List the prime factors of b.
4463
Let y(r) = 2627*r**3 - r**2 - 46*r + 47. List the prime factors of y(1).
37, 71
Let d(s) = 2*s + 1. Let f be d(8). Let v = -5 + f. List the prime factors of v/(13/3 - 4).
2, 3
Let f(i) = 1938*i**3 + 5*i**2 - 6*i. List the prime factors of f(1).
13, 149
Suppose f + 3516 = 5*x + 5*f, 3*x - 2092 = 2*f. Suppose 340 + 460 = 5*n. Suppose -x + n = -5*j. List the prime factors of j.
2, 3
Let a be 2/(-11) - (-342)/66. List the prime factors of 106 + (a - 1) -